t v be ((-48)/40)/(2/(-5)). Suppose -92 = -s - v*s. What is the tens digit of s?
2
Let n = 7 + -4. What is the units digit of (-8)/(-2) + (n - 4)?
3
Suppose -u + 3*q - 15 = 0, -4*u = -2*q + 5 + 5. Suppose -2*i + 4 = -u*i. What is the units digit of 68/12 + i/6?
6
Suppose 8*u = -50 + 530. What is the units digit of u?
0
Let j(n) be the third derivative of n**4/12 - 11*n**3/6 - 2*n**2. What is the units digit of j(9)?
7
Let r(b) = b + 39. What is the units digit of r(15)?
4
Suppose -g = g - 10. Suppose g*l = -2 + 12. Suppose m = -l*m + 27. What is the units digit of m?
9
Let j(m) = m**2 + 6*m - 11. Let v be j(-8). Let r = v - -1. What is the units digit of r?
6
Suppose -4*d - d = -145. What is the units digit of d?
9
Suppose -210 = -s - 4*s. Suppose -3*j = -48 - s. What is the tens digit of j?
3
Suppose -2*g + 61 - 15 = 0. What is the units digit of g?
3
Let x(z) = z**2 - 8*z + 1. Let p be x(9). Suppose 5*q - 7*q = -p. What is the units digit of q?
5
Suppose s - 1 = 7. Let q = -6 - -9. Suppose -s = -q*p + 10. What is the units digit of p?
6
Let j(v) = -2*v - 3. Suppose 2*o = -5 - 7. What is the units digit of j(o)?
9
Suppose -3*w + 194 = -w. What is the tens digit of w?
9
Let d(g) = -16*g + 5. What is the units digit of d(-5)?
5
Let o(z) = z**2 + 11*z + 13. Let c be o(-10). Suppose c = 2*a - a. What is the units digit of ((-4)/(-10))/(a/30)?
4
Suppose -4*k - 125 = -9*k. What is the units digit of k?
5
Let d be (0/(-3 - -6))/(-1). Let x be d*2/(-2 - 0). Suppose 5*z - 10 = -x*z - 5*q, 13 = 4*z + 3*q. What is the units digit of z?
7
Suppose -u + 4 = 5*n, -u - 11 = -0*u + 2*n. Let h be (-57)/u + (-2)/(-7). Suppose 14 = -w + h*w. What is the units digit of w?
7
Let n be 8/2*210/40. Let i = n - 9. What is the tens digit of i?
1
Suppose 5*i + 24 = u, -u + i = u - 12. Suppose -u*w = -9*w + 25. Suppose 0 = -5*r - 3*s - s + 11, 0 = -w*s - 5. What is the units digit of r?
3
Suppose 6*u = 4*u - 2. What is the units digit of 1*(2 - 0 - u)?
3
Suppose -2*i = -4, -5*o = -i - 3*i - 242. What is the units digit of o?
0
Suppose 0 = q - 5*b - 222, 222 + 248 = 2*q + 3*b. What is the tens digit of q?
3
Suppose 5*s - 36 = -16. What is the units digit of s?
4
Let o = 28 - 16. Suppose -4 - o = -4*v. What is the units digit of (-284)/(-14) - v/14?
0
Suppose 9*g - 4*g + 90 = 0. Suppose 0 = n + 9 + 22. Let r = g - n. What is the tens digit of r?
1
Suppose -3*r + 5 = -g, -r = -6*r + 3*g + 3. Let a = r + -2. Suppose 20 = 3*w - a. What is the units digit of w?
7
Let d(l) = -l**3 - 8*l**2 - 29*l + 7. What is the units digit of d(-7)?
1
Let i(p) = p - 9. Let g be i(10). Let d be 2*(g + -2) - -7. Suppose 3*r - d = 10. What is the units digit of r?
5
Let x = 11 - 7. What is the units digit of x?
4
Let q(h) = h**2 + 12*h - 13. Let v be q(-13). Suppose -3*s + v*s = -51. What is the units digit of s?
7
Let g = 3 + -1. Let v = 5 + g. Suppose -15 = -v*f + 4*f. What is the units digit of f?
5
What is the tens digit of ((-2)/(6 + -4))/(2/(-302))?
5
Let y(t) = t + 18. Suppose -5*u = 3*l + 12, -31 = -u + 5*l - 11. Let z be y(u). Suppose 3*i + 5*c - 19 = 0, -2*i - c + z = -3*c. What is the units digit of i?
8
Let t be 6 + (-3)/1 + 5. Let p(a) = a**2 - 6*a - 3. What is the units digit of p(t)?
3
Suppose 4*d - 8*d + 84 = 0. What is the units digit of d?
1
Let m = -57 - -87. Let h = -20 + m. What is the units digit of h?
0
Suppose 3*g + 5*n - 858 = 0, 5*g + 6*n - 1430 = n. What is the units digit of g?
6
Let j(i) = -2*i + 1. Suppose 0*n - 4*n = 28. Let a be j(n). Let g = a + -9. What is the units digit of g?
6
Let h(w) = -w**3 - 17*w**2 - 22*w + 16. What is the tens digit of h(-16)?
1
Suppose 2*p = -10*u + 5*u + 1, -u + 5*p + 11 = 0. Let y(w) = 8*w - 1. What is the units digit of y(u)?
7
Suppose -5*y - 87 - 34 = -4*k, 3*k = 3*y + 93. What is the tens digit of k?
3
Let m(u) = -6*u - 15. What is the units digit of m(-8)?
3
Let y(g) be the third derivative of -g**5/60 - 7*g**4/24 + 4*g**3/3 - 2*g**2. Let f be y(-7). Suppose -6*a + f = -2*a. What is the units digit of a?
2
Let w(x) = 7*x - 4*x + 3*x + x**2. Suppose -3*n = n + 2*r + 32, 4*r = -5*n - 43. What is the units digit of w(n)?
7
Suppose -8*r - 147 = -5*g - 7*r, 2*g - 3*r = 64. What is the tens digit of g?
2
What is the units digit of (4/((-48)/(-15)))/((-4)/(-560))?
5
Let a(y) = y**2 + y + 2. Let c = 4 + -5. Let n = c + -1. What is the units digit of a(n)?
4
Suppose -4*x = 3 + 13. Let i(g) = -g + 1. Let t be i(x). Let c = 12 - t. What is the units digit of c?
7
Let j(r) = -r - 1. Let p be 8*(-1)/(1/(-2)). Suppose 8*z - 4*z + p = 0. What is the units digit of j(z)?
3
Let w(i) = i**2 + 3. Let a(g) = -g**2 + 3*g + 1. Let x be a(4). What is the tens digit of w(x)?
1
Let x be (-56)/(-3) + (-6)/9. Suppose -4*g - x = -p, -p - 3*g + 9 = -2. What is the tens digit of p?
1
Suppose -4 - 4 = -3*u - b, 3*u + 17 = 4*b. Let x(h) = 16*h**3. What is the units digit of x(u)?
6
Let a(r) be the first derivative of -r**4/4 + 8*r**3/3 - 2*r**2 - 10*r + 1. What is the units digit of a(7)?
1
Let m(d) be the second derivative of -3*d**3 + d**2/2 + 3*d. Let v be m(1). Let l = 24 + v. What is the units digit of l?
7
Let p be 6 - (0/(-1) - 0). Let q(f) = -4*f + 17. Let h be q(0). Let k = h - p. What is the tens digit of k?
1
Suppose 4*m - 28 = 4*c, -3*c - m + 9 = -5*c. What is the units digit of 4/(2*(c - -3))?
2
Suppose 2*f = 7*f - 450. What is the units digit of f?
0
Suppose 0 = -5*s + 61 + 89. What is the units digit of 6*(s/4)/5?
9
Let x(g) = -g**2 - 6*g + 5. Let w be x(-6). Suppose -2*u - 2*u + 16 = w*b, -u = 1. Suppose b*k - 4 = -2*h + 2, 3*k = -4*h + 7. What is the units digit of k?
1
Let l be (1 - 0 - -10)*1. Suppose a + l = -4*d, -2*d = -4*a + 2*a - 2. What is the units digit of 3/(d - 4)*-10?
5
Suppose 2*s + s = -39. Let q = -8 - s. Suppose 0 = -0*u - u + q. What is the units digit of u?
5
Let o(k) = k**2 - 4*k + 4. Let z be o(4). Suppose z*d = d + 3. What is the units digit of d?
1
Let h be (3 - 1)*117/(-26). What is the tens digit of (-75)/h*9/3?
2
Let s = -18 + 33. Suppose -s = 2*k - 7*k. Suppose -2*z - k*z = -40. What is the units digit of z?
8
Let i(k) = k - 5. Let f be i(6). Let g(c) = 12*c + 1. What is the units digit of g(f)?
3
What is the units digit of (10 + (-9)/3)*(29 + 3)?
4
Let a(h) = h + 3. Suppose 3*l = -3*q + 12, -4*q + 2*l + 15 = 5*l. Suppose 0 = n - q - 2. What is the units digit of a(n)?
8
Let d(k) = -k**3 - 2*k**2 + 4*k - 1. Let c(v) = v**3 + 2*v**2 - 4*v + 1. Let t(j) = 2*c(j) + 3*d(j). What is the tens digit of t(-4)?
1
Let k(v) = v - 5. Let o(q) = -q**2 + 1. Let d(c) = -k(c) - 5*o(c). Let y be d(2). Let m = -10 + y. What is the units digit of m?
8
Let u be (-6)/5*(-5)/2. Suppose u*i - 25 = 23. What is the units digit of i?
6
Let k = 18 - -11. What is the tens digit of k?
2
Let w(t) = 4*t - 3. Let h = 12 + -19. Let l = h + 10. What is the units digit of w(l)?
9
Suppose i - 117 = -5*w + 283, 4*w + 3*i = 309. What is the units digit of w?
1
Suppose -3*y = 5 + 4. Let x be 7 + (-2)/(-3)*y. What is the tens digit of (-416)/(-40) - 2/x?
1
Let t = 142 - 128. What is the units digit of t?
4
Suppose -3*u = -31 + 4. Let x = 6 - u. Let o = 5 - x. What is the units digit of o?
8
What is the tens digit of 4/(-14) + (-289)/(-7)?
4
Suppose -5*k = k - 30. What is the units digit of k?
5
Let s = -7 + 11. Suppose -n + s = -5. What is the units digit of n?
9
Let v = -381 + 271. What is the units digit of 5/20 - v/8?
4
Let j(l) = -2*l - 16. What is the units digit of j(-9)?
2
Suppose -243 = -4*x + 77. What is the tens digit of x?
8
Let h(z) = z + 10. Let m be h(-5). Suppose m*i - 225 + 0 = 0. Suppose -8*w + i = -5*w. What is the tens digit of w?
1
Suppose -19 = -k + 64. What is the tens digit of k?
8
What is the units digit of 1/2*(4 + 4)?
4
What is the tens digit of 34/(3 - 1) - -4?
2
What is the units digit of (-1 - (-37)/2)*2?
5
Let y = -3 - -3. Let k be (2 + y - 5)*-1. Suppose 2 = -k*m + 5*m. What is the units digit of m?
1
Let n be (-1)/1 - (1 - 5). Suppose 7*m = 2*m - 2*x + 252, 4*x = -3*m + 154. Suppose 8*g - m = n*g. What is the tens digit of g?
1
Suppose 0*s + 4*s = -12, -4*b + 24 = -4*s. Suppose -51 = -4*t + b*h, t - 3*t + 13 = h. What is the units digit of t?
9
Suppose 0 = 3*c + 4*r - 250, -3*r + 15 = -6*r. What is the tens digit of c?
9